877d (base 15) to base 16.
-135d6
Convert 24176256 (base 9) to base 7.
202211010
Convert -32166600 (base 7) to base 11.
-1601248
-1643025 (base 7) to base 6
-4524503
Convert -615715 (base 10) to base 15.
-c267a
What is 67718 (base 10) in base 4?
100202012
Convert -2401b5 (base 14) to base 2.
-100101100001101100011
Convert -c58908 (base 13) to base 6.
-242544550
-638d1 (base 14) to base 9
-405778
Convert 114054460 (base 7) to base 15.
94a88a
-1403001 (base 5) to base 8
-67525
Convert -102013122 (base 4) to base 15.
-16ebc
-1a61a1 (base 11) to base 6
-10433251
2bc89a (base 13) to base 2
100001000110010111000
Convert -51235440 (base 6) to base 2.
-101100110001010010000
Convert 261029 (base 16) to base 14.
48d10d
-389687 (base 13) to base 16
-14cd41
What is -123030211 (base 4) in base 8?
-331445
13625a2 (base 11) to base 14
450d11
-2552747 (base 9) to base 14
-283920
Convert -171363 (base 9) to base 8.
-317025
288574 (base 9) to base 5
21130030
100001111010011 (base 2) to base 4
10033103
What is 7201217 (base 8) in base 13?
517491
Convert -10111112120121 (base 3) to base 11.
-1061083
What is 31834c (base 15) in base 4?
20333110101
What is -45c51 (base 13) in base 16?
-1f15b
2030232410 (base 5) to base 14
7a00c9
What is -28551 (base 10) in base 3?
-1110011110
Convert -100021111 (base 4) to base 6.
-1230101
Convert -3442a6 (base 11) to base 12.
-224947
Convert -17039 (base 16) to base 8.
-270071
What is 102012220102 (base 3) in base 9?
365812
488f70 (base 16) to base 14
8badb2
-1001122110210 (base 3) to base 2
-10001001101010010110
Convert 9dd1 (base 15) to base 3.
1200221121
What is a5a869 (base 14) in base 2?
10101010111000010111101
1375507 (base 8) to base 12
16aa33
-a12cc (base 14) to base 10
-387476
What is 1802627 (base 10) in base 12?
72b22b
Convert -2223031442 (base 5) to base 13.
-1024022
Convert 31303302320 (base 4) to base 13.
999935
3464743 (base 8) to base 15
139d41
Convert -111010100010011010010 (base 2) to base 10.
-1918162
12556 (base 13) to base 8
102117
-486476 (base 10) to base 2
-1110110110001001100
Convert 272002 (base 8) to base 12.
47142
What is -851722 (base 12) in base 4?
-13333333022
2646564 (base 7) to base 6
11243313
Convert 7113704 (base 8) to base 15.
270340
43434020 (base 7) to base 15
4d815b
Convert 4414412 (base 5) to base 3.
10212120102
-466a168 (base 11) to base 8
-37065455
What is 113143230 (base 5) in base 3?
222111121212
Convert 1431214 (base 6) to base 5.
10110241
What is 12132023113 (base 4) in base 2?
110011110001011010111
What is -4ac195 (base 14) in base 9?
-4744543
Convert -32521 (base 7) to base 3.
-102011211
Convert 1188373 (base 10) to base 3.
2020101010211
Convert -36c076 (base 14) to base 2.
-111001010010000001000
What is 7a217 (base 11) in base 10?
116057
Convert 23005 (base 15) to base 6.
2215352
What is -696616 (base 10) in base 14?
-141c24
What is 78330 (base 11) in base 8?
335573
-211112022100021 (base 3) to base 9
-24468307
122325 (base 11) to base 14
50693
What is -34143220 (base 6) in base 11?
-650508
Convert -2001151 (base 6) to base 3.
-11202101111
What is -211012201112 (base 3) in base 14?
-b5486
What is 2a6233 (base 13) in base 2?
11111110010101011110
-53060020 (base 8) to base 14
-1700c92
What is -8b0d1 (base 15) in base 14?
-b72a5
Convert 151385 (base 11) to base 15.
49e13
Convert 1969 (base 16) to base 4.
1211221
Convert 5221042 (base 6) to base 12.
101782
-453165 (base 8) to base 11
-a5118
Convert -43041 (base 14) to base 12.
-79881
Convert -12b296 (base 14) to base 12.
-271584
What is 30212103023 (base 4) in base 9?
6183278
123003313100 (base 4) to base 7
114203243
-1020021101120 (base 3) to base 10
-654927
82e3ea (base 15) to base 7
103622632
What is -57a86 (base 14) in base 11?
-13633a
Convert 100200111020 (base 3) to base 9.
320436
Convert -26955 (base 14) to base 8.
-271637
What is 24230255 (base 6) in base 8?
2730133
Convert -225023543 (base 6) to base 13.
-b26794
-3b201b (base 13) to base 16
-15db94
1a1546 (base 14) to base 15
134480
1221134330 (base 5) to base 6
142224424
Convert -63831 (base 9) to base 3.
-2010221001
What is -186bc13 (base 13) in base 10?
-7994730
1010001111010000010 (base 2) to base 8
1217202
-111031303132 (base 4) to base 5
-2410432231
663a5 (base 11) to base 14
27154
Convert -dea8b (base 15) to base 7.
-6005300
Convert 200210120120 (base 3) to base 8.
1322547
Convert 75479b (base 12) to base 4.
13010201213
What is 2761a (base 15) in base 16?
1ed2a
-223 (base 5) to base 13
-4b
222303013 (base 4) to base 10
175303
Convert 1c9d32 (base 14) to base 7.
11502362
Convert 826e2 (base 15) to base 6.
12505252
Convert -2121222200212 (base 3) to base 11.
-874879
5414c (base 16) to base 5
42010041
200221020210 (base 3) to base 4
1122333132
Convert 96506 (base 10) to base 7.
551234
What is 16710123 (base 9) in base 5?
4122012441
Convert 2415301 (base 6) to base 3.
20110002001
What is -21221120 (base 6) in base 4?
-2120210220
What is 865758 (base 9) in base 12?
20a75b
What is -34a3 (base 15) in base 10?
-11178
What is 7105560 (base 10) in base 8?
33066030
Convert 16623 (base 9) to base 14.
4254
What is -313460 (base 7) in base 10?
-54089
4032 (base 6) to base 15
3de
12aa81 (base 12) to base 14
80921
What is 34228 (base 9) in base 14?
8439
Convert -370354 (base 8) to base 5.
-13032322
-432141 (base 8) to base 13
-509bc
What is 6607101 (base 8) in base 15?
250581
-31121620 (base 7) to base 11
-1523377
What is 93084 (base 10) in base 13?
334a4
What is -75b25 (base 12) in base 9?
-256152
What is -11111210203 (base 4) in base 11?
-876167
-226505 (base 8) to base 4
-102311011
What is 13b8900 (base 12) in base 14?
756c24
Convert -13156214 (base 7) to base 3.
-2021100100002
993697 (base 10) to base 12
3bb081
Convert 136026263 (base 7) to base 4.
202020221213
712452 (base 8) to base 12
b3a62
Convert 44927 (base 12) to base 16.
1642f
31087 (base 13) to base 2
10101011110110111
What is -5750205 (base 8) in base 10?
-1560709
Convert -3330300024 (base 5) to base 9.
-14617388
What is -110011001001110000000 (base 2) in base 4?
-12121032000
110022100022 (base 3) to base 7
2026232
What is -31928 (base 10) in base 6?
-403452
Convert 1cdb9 (base 16) to base 6.
2311121
What is 151513553 (base 6) in base 9?
5856256
What is 15f650 (base 16) in base 4?
11133121100
Convert 122301221 (base 4) to base 8.
326151
What is -3da4d5 (base 15) in base 4?
-23111113130
Convert 1113431120 (base 6) to base 2.
101110100101100011111000
What is -1123776 (base 9) in base 13?
-18304b
Convert -1001113130 (base 4) to base 16.
-415dc
Convert -156534 (base 7) to base 10.
-31140
Convert 3444105 (base 6) to base 14.
487c5
What is 1555221 (base 6) in base 14?
25d5b
What is 20a188 (base 14) in base 5?
240302104
What is 1640507 (base 9) in base 6?
31320011
What is -223332023 (base 4) in base 7?
-1350044
What is -1025554 (base 7) in base 13?
-44851
-80105 (base 14) to base 5
-34320104
-8b7186 (base 12) to base 7
-24651435
-10101211201122 (base 3) to base 10
-1807721
Convert -27bb8d (base 15) to base 16.
-1d301a
Convert 25114223 (base 7) to base 16.
226c9a
Convert -3143114 (base 7) to base 2.
-1011100111000011111
-4232123 (base 7) to base 6
-14551045
Convert -1fc39e (base 16) to base 12.
-844826
Convert -159953 (base 10) to base 3.
-22010102012
What is 1000111000100011 (base 2) in base 16?
8e23
Convert 1000010011011100010 (base 2) to base 7.
2212201
Convert 433308 (base 11) to base 6.
22501551
What is -6143433 (base 8) in base 11?
-a0a014
What is -2503661 (base 7) in base 16?
-4e4bb
-30132403 (base 6) to base 15
-11c6d6
69cb (base 16) to base 8
64713
Convert -18170c (base 13) to base 2.
-10010011010000100101
-2416770 (base 8) to base 15
-d16c2
What is 351100 (base 6) in base 16?
756c
-134178 (base 16) to base 3
-2101010001200
32220535 (base 6) to base 4
3220102223
70874 (base 12) to base 4
203233120
What is 4538941 (base 10) in base 2?
10001010100001000111101
Convert 134323421 (base 5) to base 3.
1022111022111
What is 1100030121 (base 4) in base 5?
41002343
-14141004 (base 5) to base 6
-3045403
Convert e7483b (base 15) to base 16.
a7dc95
What is 54e6a0 (base 15) in base 12?
14327b9
What is 11021021120012 (base 3) in base 7?
25200221
What is 1030331111 (base 4) in base 12?
132505
Convert -d9d3 (base 15) to base 4.
-2310